ue of 33 + -31 + 1 + -4?
-1
Evaluate -1415 + 1399 - (1 - (-2 - -15)).
-4
Evaluate 21 + (-61 - -28) - (17 - 2).
-27
Evaluate 17 - 1 - (-71 - -36 - -45).
6
What is -10 + -1 + 2 + 12 + -8 - 1?
-6
What is (-2 - -1 - -4) + 15 + 8 + -17?
9
Evaluate 8 - (2 + -31 + 24).
13
10 + 0 - (-27 + (16 - -34))
-13
-11 + (0 + 20 - (-70 + 79))
0
-12 + (-5 + 4 - (-4 + -1 + 3))
-11
Calculate -4 - (7 - (9 + 3)) - 5.
-4
Evaluate 10 + -1 - (-571 - -596).
-16
What is 48 + (-33 - -16 - 8)?
23
What is -17 - (-9 + -3 + 6)?
-11
What is 9 + -9 + (-7 + 7 - 3)?
-3
What is the value of -19 + 14 + -10 + (5 - 2)?
-12
Calculate -8 - ((10 - 2 - (-6 - -13)) + -2).
-7
10 - ((-9 - 6) + 13 - (-1 - -6))
17
What is -12 + -2 + (-1 - (-4 + 6) - -5)?
-12
What is the value of (1 - -21) + -4 + 8 + -14?
12
Evaluate -34 + (6 - (-2 + (7 - 6))) - -1.
-26
1 - -6 - (8 + -23 - -12)
10
What is -4 - (4 - -5) - (6 + -9)?
-10
What is the value of 35 - ((-7 - -9) + 43)?
-10
Evaluate 0 + 7 - (1 + 4 + (0 - 7)).
9
Calculate 34 + -29 + (-3 - (-7 + -4)).
13
What is the value of 7 - ((7 - (5 - 14)) + 0 + -1)?
-8
-14 + -2 + 13 + (7 - -4) + -4
4
What is the value of -15 + (43 - 52 - (6 + 7))?
-37
What is (40 - 0) + (-1708 - -1643)?
-25
Calculate 5 - (-38 + 20 - -20).
3
Evaluate ((6 - 1) + -5 - -5) + (6 - -3).
14
What is 0 - ((-9 + 7 - -9) + -1 + -9)?
3
-6 + 7 + -1 + 4 + -20
-16
Calculate 10 + -7 + -4 + -8 - -20.
11
Calculate -18 + (29 + -15 - 0).
-4
What is the value of -8 - (0 + 0 + 1 - (34 - 28))?
-3
What is (21 - (-4 + 24)) + -40?
-39
What is (4 - 2) + (-307 - -280)?
-25
Evaluate (-12 + 12 - (-1 - 1)) + 25 + 5.
32
Evaluate (1 - 7) + (3 - -17) + -15.
-1
What is (3 - 0) + -2 + 11 + -10 + 9?
11
What is (-1 - -42) + (33 - (-64 + 109))?
29
2 - 1 - (-3 + 4 - 7) - 0
7
-6 + (10 - 12 - -6) - (-5 + -2)
5
What is the value of 2 - (12 + -3 + -8 + -12)?
13
Calculate -44 - (-111 + -1 + 43).
25
What is (24 - 2) + -36 + 12?
-2
Calculate (1 - (0 + 9)) + (-5 - -1).
-12
(-20 - -11) + (-4 - (0 + -17))
4
Calculate -10 + (-4 - (-1 + -7 + 4)).
-10
What is the value of (9 - (20 - 15)) + (2 - -1)?
7
What is the value of 1 - (0 - (11 - 30))?
-18
Calculate 5 + -4 - ((4 - 4) + (8 - -3)).
-10
Calculate -8 + -12 + 0 + 12 + -18 + 9.
-17
What is the value of -17 + (-18 - (-2 + -6))?
-27
Calculate (1 + 0 - 2) + (37 - (-50 + 123)).
-37
Evaluate 1 - -8 - (-14 + 50 + -21).
-6
What is 26 + (-48 - -24) - (-1 + 3 - 1)?
1
Calculate (-21 - -12 - 14) + 35.
12
Calculate 67 + -64 + 0 + -5.
-2
What is the value of 0 + -3 - (-2 - 15 - (-26 - -33))?
21
(0 - (-7 - -4)) + (-9 - -8 - 9)
-7
(-5 - 15 - (0 + -4 - -3)) + 7
-12
What is 1 + 4 + (12 - (9 + -5)) + -3?
10
-6 + 0 + (5 - 6) - 5 - -3
-9
What is the value of -1 + (15 - 8 - 0 - 0 - 21)?
-15
Calculate -8 + 0 - (-27 + 18) - 0.
1
What is 5 + 3 + -35 + 14?
-13
8 + (-8 - ((-10 + 16 - -10) + 1))
-17
What is the value of -1773 + 1831 + -38 + 1?
21
What is the value of 6 + 4 - (-11 + 4 + -5)?
22
Evaluate -2 + (0 - -2) - (7 + -5).
-2
38 + -5 + -3 - (-6 + 9)
27
Evaluate -40 + 17 + 28 + -1 + -3 + 6.
7
Calculate (-1 - (-6 + 0)) + 7 + -21 - -19.
10
Evaluate 1 - 1 - 10 - (-25 - 8).
23
Calculate (-4 - 0) + (-37 + (2 - -17) - -14).
-8
What is the value of 0 - 9 - -4 - 0 - 10?
-15
Evaluate 15 - 5 - (-18 - -4).
24
What is 26 + (-22 - -4) + -29?
-21
Evaluate 4 - (17 - 13) - 2.
-2
What is the value of 38 + -41 + 32 + (-1 - 13)?
15
Evaluate -4 + 6 + -2 + (-3 - (-9 + 2)).
4
Calculate 0 - -1 - 14 - (-1 + -19 - -14).
-7
What is -17 - -24 - 3 - (-2 - 5)?
11
Calculate -240 + 248 + (0 + 5 - 1) - 6.
6
What is -9 + (-8 + -1 - ((7 - 18) + -2))?
-5
What is 2 - 27 - -21 - (22 - -2)?
-28
What is the value of 4 + (-2 - -4) + (2 - 26 - -4)?
-14
Evaluate 1 + 6 + -3 + -4 + 9.
9
(0 - -3) + (12 - 10) + -5 + 6
6
Evaluate 15 + (72 + -48 - 51).
-12
What is the value of (2 - (15 + 0) - -42) + 0?
29
Evaluate (-12 - -1) + -11 + 27.
5
Calculate -12 - (-19 + 29) - -1.
-21
Evaluate 14 - (0 - (18 - 18)).
14
Evaluate 27 + (-2 - 1) + (1 - -13) + -19.
19
Evaluate 14 + -30 + 21 + -12.
-7
What is -4 - -2 - -3 - (-3 - -2)?
2
What is 3 + -7 + (14 - (-5 + 12 + -19))?
22
What is -8 - ((-15 - -24) + -16)?
-1
Evaluate 3 + 3 + -7 - (2 + -1) - 3.
-5
Calculate 22 + 7 - (6 - (5 - 13 - -7)).
22
29 + 11 + -43 + 1
-2
What is (-1 - 0 - 2) + 3 - (6 + -4)?
-2
What is (2 - -11) + -11 - (14 + -7)?
-5
Calculate -24 + 2 + (-52 - -42) + 20.
-12
What is 11 + 24 - (1 + 47)?
-13
What is the value of -85 - -100 - (1 + 7) - -15?
22
9 + (-2 - (-5 + (3 - -6)))
3
What is -6 - (-8 + -5 + (21 - 5 - 8))?
-1
Evaluate -31 - (0 + 0) - (34 + -116 + 73).
-22
Calculate (-1 + -1 + -4 - -2) + (0 - 7).
-11
Evaluate -70 + 29 + 22 + 6.
-13
Calculate -11 - (-16 - -12) - -4.
-3
Evaluate -4 + 3 - (19 + -12).
-8
What is the value of 1884 + -1893 + 1 + -1 + (0 - -2)?
-7
Calculate 18 - (17 + -19 - (-15 - -3)).
8
48 - 27 - 27 - (0 - (-1 - -12))
5
What is 8 + -2 + (-9 - -4) - (-1 + -5)?
7
What is -3 + -1 + 10 + -13?
-7
Calculate (10 - 11 - -6) + (-5 - (26 + 3)).
-29
Calculate 370 + -359 + (2 + 0 - 27).
-14
What is the value of -8 + 4 + (12 - 3) + -16?
-11
Calculate -10 + -17 + 16 + 8 + -6.
-9
-3 - -10 - 7 - (5 + -4 + 4)
-5
Evaluate (1 - 4) + (5 - (-13 - -7)).
8
Evaluate (-13 - 4) + -4 + 14.
-7
Evaluate (-21 - -9) + 8 + 6 + (15 - 0).
17
-9 - (2 - (-15 + 4 + -6 + 11))
-17
Calculate -9 + -15 - -52 - 12.
16
What is the value of -20 + (34 - 7) + -12?
-5
6 + 3 + -11 + -18 + 10
-10
What is the value of (-53 - -79) + -32 - (17 - 0)?
-23
What is 1 - (-1 + 2 + 5 + -1 - -4)?
-8
What is 5 - (7 + -7 + -1)?
6
Evaluate 5 + (-8 - 1) - -2 - (12 + -17).
3
What is the value of -8 - (-35 + 1 + 12 + -5)?
19
5 + (-30 - -25) - (5 + 1 + -1)
-5
-20 + 15 - -6 - -14
15
(16 - 17) + (-3 + 6 - -7) + -4
5
Evaluate -14 + 11 - (-1 - 0) - 7.
-9
What is 8 + (3 - 10) + 13?
14
(-1 - (8 + -2 + -1)) + 20 + -4
10
What is the value of 7 + -7 - (-2 + (1 - 18))?
19
Evaluate -10 + (26 - (-2 - -15)).
3
Evaluate (11 - -17) + -39 - 11.
-22
-31 + -12 + 0 + 15 + -1
-29
Evaluate (-65 + 61 - (-3 + 10 + 1)) + 8.
-4
Calculate -19 - 2 - 0 - (49 + -59 + 1).
-12
-13 + -10 + 23 + 2 - (-23 - -2)
23
What is the value of -26 - (-313 + 314 - (1 + 0 - -2))?
-24
What is the value of 3 - (-14 + 7 - 1 - 2)?
13
What is the value of (1 - 8) + -34 + 55?
14
What is the value of (43 - 19) + -2 - 47?
-25
What is the value of (0 - ((-16 - -7) + 11)) + -2?
-4
What is the value of ((-2 - -9) + 4 + -15 - 3) + 6?
-1
Evaluate 14 + 11 + -36 + 2.
-9
What is (10 + 6 - 19) + -2?
-5
What is the value of 39 - (16 - (16 + -21 + 7))?
25
-37 + 11 + -2 + 11
-17
Calculate -5 - (-32 - -23) - -23.
27
What is -18 + 10 + 22 + -34?
-20
Calculate 36 + -35 + 9 + -17.
-7
What is -37 + (-23 - -34) - -48?
22
What is 9 + 0 + 2 + (-8 + 41 - 34)?
10
What is the value of -43 + -2 - -46 - (1 - -1)?
-1
5 - ((-16 - -6) + (6 - -12))
-3
-17 - (-55 + 54 + -27)
11
What is -4 + 1 + 0 + 77 + -159 + 100?
15
Evaluate (-37 - (-13 + -11 + 9)) + -7.
-29
What is -5 + -3 + -7 + 14 + -10?
-11
(12 - (25 + -16)) + -17
-14
What is 17 - (0 - -21 - 7) - (-8 - -1)?
10
What is the value of (16 - (-14 - -23)) + -1?
6
What is 22 + (-44 - -6) + -2?
-18
What is the value of 661 - 672 - (-32 + 1)?
20
What is the value of 1 - -14 - (-1486 + 1525)?
-24
Evaluate (-21 + -6 + 13 - -10) + 11 + -1.
6
0 - -12 - (80 + -87) - (7 - 2)
14
Calculate -3 - (8 - (-3 + 15)).
1
Calculate 14 + -9 + 8 + -18.
-5
What is (-343 - -284) + 0 + 33?
-26
Calculate (-1 - (-19 + 15)) + (2 - (5 + 0)).
0
Calculate 9 + -11 + 7 - (3 + (-4 - -7)).
-1
What is (-12 + -18 - -35) + (0 - 0) + 0?
5
Calculate (-44 - -42) + 7 + 0 + -2 + 2.
5
What is the value of -7 - (0 + (-2 - -4) + (-117 - -105))?
3
-8 - (3 + -7) - (-18 - -1 - 1)
14
What is 9 + 2 + 0 - (10 + -11)?
12
What is 1 + (-7 + 8 + -10 + 13 - 6)?
-1
Evaluate (-2 - (1 + 45)) + 31.
-17
What is 17 + (12 - 15) - (4 - (-1 + 3))?
12
Calculate 20 - 27 - (2 - (2 + 0)) - -20.
13
Evaluate (-6 - -11 - 2) + (5 - 1).
7
What is the value of -1 + 0 + -13 + (-15 - -10)?
-19
Calculate 15 + -9 - (-6 - 0).
12
Evaluate (-6 + -26 - -5) + -19 + 27 + 0.
-19
What is the value of 17 + (48 - 68) - (14 + 0)?
-17
Calculate -54 - (-11 + 6 + -24).
-25
What is the value of (0 - -11) + (20 - 53 - -14)?
-8
3 + (-15 + 9 - 4) - (2 - 2)
-7
Calculate -8 - 3 - ((1 - (-14 + 7)) + -4).
-15
What is the value of -1 + 4 - (36 - (49 - 20))?
-4
What is the v